
Let w(n) = 2*n**3 - 30*n**2 + 28*n + 11. Determine w(14).
11
Let h(o) = -18*o + 52. Determine h(3).
-2
Let t(y) = -y**2 - 14*y + 68. What is t(-17)?
17
Let j(b) = b**3 + 7*b**2 + 4*b + 3. Calculate j(-7).
-25
Let l(r) = r + 2. Give l(5).
7
Let k(v) = v**3 + 3*v**2 - 7*v - 2. Calculate k(-5).
-17
Let j(b) = b**3 - b**2 + b + 40. What is j(0)?
40
Let x(z) = z**3 - 2*z**2 - 9*z - 2. Determine x(4).
-6
Let n(r) = 3*r + 15. Give n(0).
15
Let z(a) = -3*a**2 - 43*a + 23. Calculate z(-15).
-7
Let i(u) = -2*u**2 + 3*u + 2. Give i(-1).
-3
Let w(a) = a**2 - 4*a + 1. Calculate w(3).
-2
Let q(b) = 4*b + 2. What is q(4)?
18
Let a(r) = 29*r - 210. Give a(7).
-7
Let o(s) = -20*s + 76. Give o(4).
-4
Let q(r) = 4*r + 6. Calculate q(6).
30
Let d(j) = 247*j - 241. Give d(1).
6
Let d(u) = u**2 - 8*u - 24. What is d(14)?
60
Let k(z) = -13*z**3 + 4*z + 5. Calculate k(-1).
14
Let l(p) = 2*p**2 - 8*p - 5. Calculate l(8).
59
Let h(s) = -2*s**3 + 24*s**2 + s - 2. Give h(12).
10
Let h(s) = s**3 + 39*s**2 - 43*s - 101. Determine h(-40).
19
Let t(z) = z**2 - 11*z - 10. Determine t(6).
-40
Let n(j) = -4*j - 3. Give n(-3).
9
Let q(t) = -2*t + 3. Give q(-1).
5
Let k(o) = 2*o - 31. Determine k(15).
-1
Let o(c) = -17*c + 586. Calculate o(34).
8
Let l(u) = u**2 + u - 3. Give l(-4).
9
Let s(g) = g**2 + 5*g - 13. What is s(-6)?
-7
Let w(g) = -24*g - 43. Calculate w(-2).
5
Let f(o) = o + 5. Determine f(-7).
-2
Let c(i) = i**2 + 6*i - 2. Determine c(1).
5
Let b(v) = 3*v + 1. Calculate b(15).
46
Let t(d) = 2*d + 59. Calculate t(-23).
13
Let d(p) = 132*p - 526. Determine d(4).
2
Let d(k) = -k**3 + k - 4. What is d(3)?
-28
Let d(c) = -c - 5. Determine d(0).
-5
Let t(s) = -2*s - 33. What is t(-20)?
7
Let r(t) = -t**3 + 43*t**2 - 81*t - 44. Calculate r(41).
-3
Let o(w) = -w**2 + 2*w + 49. Calculate o(9).
-14
Let s(j) = 2*j**3 - 16*j**2 - j + 7. Give s(8).
-1
Let z(q) = q**2 - 36*q - 76. What is z(38)?
0
Let n(a) = a**3 + 13*a**2 - 2*a + 1. Give n(-13).
27
Let i(n) = n**3 + 7*n**2 - 8*n + 1. Give i(1).
1
Let c(r) = 34*r - 343. Calculate c(10).
-3
Let x(g) = -4*g + 18. Calculate x(3).
6
Let q(n) = -n**2 + 57*n + 597. Give q(66).
3
Let a(w) = 2*w**3 - 5*w**2 + 4*w - 2. What is a(3)?
19
Let z(w) = 7*w**2 - w - 3. What is z(2)?
23
Let p(v) = -v**3 - 12*v**2 + 25*v. Determine p(2).
-6
Let b(x) = -16*x + 31. Determine b(4).
-33
Let x(z) = -z**3 + 8*z**2 - 4*z - 9. Determine x(5).
46
Let j(u) = -u**3 + 5*u**2 + u - 5. What is j(4)?
15
Let i(l) = -l**3 + 3*l**2 + l. Determine i(5).
-45
Let z(u) = -9*u**2 - 2. Calculate z(2).
-38
Let y(t) = -2*t**3 + 72*t**2 + t - 43. Calculate y(36).
-7
Let k(y) = y + 1. Determine k(-19).
-18
Let m(h) = h**2 + 3*h - 4. Determine m(-4).
0
Let i(w) = 2*w**3 + 45*w**2 + 22*w - 29. Determine i(-22).
-29
Let y(c) = -c**3 + c**2 + c + 49. Determine y(0).
49
Let x(o) = -o**3 + 10*o**2 + 11*o - 4. What is x(11)?
-4
Let l(h) = 2*h - 10. What is l(5)?
0
Let b(j) = -2*j**3 + 25*j**2 - 13*j + 20. Determine b(12).
8
Let i(n) = -n**2 - n - 14. Determine i(0).
-14
Let w(p) = -17*p - 18. Calculate w(-1).
-1
Let r(u) = 9*u - 122. Determine r(14).
4
Let b(u) = -22*u + 6. Determine b(2).
-38
Let i(x) = -x**2 - 8*x + 57. Determine i(-13).
-8
Let w(y) = 2*y**3 - 10*y**2 - y + 2. What is w(5)?
-3
Let s(k) = k**2 + 15*k + 7. Calculate s(-16).
23
Let j(q) = q**3 - 5*q**2 - 18*q. Determine j(7).
-28
Let a(k) = -87*k**2 - 2. Determine a(-1).
-89
Let c(p) = 8*p - 18. Determine c(6).
30
Let x(v) = 22*v + 7. Calculate x(6).
139
Let g(v) = -3*v - 4. Give g(4).
-16
Let v(n) = n**2 - 3*n - 26. What is v(9)?
28
Let b(s) = s**3 - 15*s**2 - 2*s + 26. Calculate b(15).
-4
Let o(r) = r**2 - 9*r + 8. Determine o(7).
-6
Let w(q) = q - 6. Calculate w(6).
0
Let f(w) = w**2 + 16*w + 28. Determine f(-12).
-20
Let t(s) = s**3 + 9*s**2 - 2*s - 11. Calculate t(-9).
7
Let d(n) = n**3 - 6*n**2 - 5. Calculate d(6).
-5
Let k(q) = 4*q + 35. What is k(-9)?
-1
Let v(o) = o**3 - 9*o**2 + 13*o + 8. Calculate v(7).
1
Let h(a) = -12*a - 16. Calculate h(-4).
32
Let i(u) = -9*u + 14. Calculate i(7).
-49
Let k(v) = 2*v**3 + 20*v**2 + 21*v + 28. What is k(-9)?
1
Let m(d) = d**3 - 10*d**2 + 8*d + 4. Determine m(9).
-5
Let b(z) = z**2 - 16*z. What is b(13)?
-39
Let k(h) = -13*h + 1. Determine k(-3).
40
Let g(j) = -j**3 - 10*j**2 - 8*j + 1. Calculate g(-9).
-8
Let y(p) = -p**3 - 8*p**2 + 3*p - 7. Calculate y(-6).
-97
Let f(h) = h**3 - 21*h**2 - 2*h + 46. Determine f(21).
4
Let x(d) = -83*d - 410. Calculate x(-5).
5
Let j(q) = -q**2 + 7*q - 30. Give j(3).
-18
Let h(u) = u**2 - 2*u - 37. What is h(7)?
-2
Let q(w) = 14*w - 229. Calculate q(16).
-5
Let v(n) = -n**2 - 18*n + 57. Calculate v(-21).
-6
Let x(d) = 5*d - 2. Calculate x(10).
48
Let o(q) = -q**3 - 29*q**2 - 119*q + 33. Calculate o(-24).
9
Let t(h) = 3*h**2 + h - 11. Give t(-5).
59
Let k(g) = -9*g - 118. What is k(-14)?
8
Let g(y) = y**3 - 14*y**2 - 18*y + 41. What is g(15)?
-4
Let m(q) = 17*q - 14. Determine m(4).
54
Let z(m) = -m**3 - 11*m**2 - 3*m + 85. Calculate z(-11).
118
Let f(k) = 3*k**2 + 2*k + 3. Calculate f(-1).
4
Let x(s) = -2*s**2 + s + 1. Calculate x(2).
-5
Let f(k) = k**3 + 6*k**2 - 2*k - 6. What is f(-6)?
6
Let c(n) = -2*n**2 + 6. What is c(-4)?
-26
Let r(h) = -45*h - 13. What is r(-4)?
167
Let z(t) = -5*t**2 - 42*t + 1. Give z(-8).
17
Let h(g) = -g**2 + g - 2. What is h(0)?
-2
Let o(z) = 10*z**2 + z. What is o(-1)?
9
Let y(d) = d**3 - 8*d**2 + 3*d. Calculate y(4).
-52
Let j(p) = 64*p - 117. Determine j(2).
11
Let q(x) = x**2 - 69*x - 625. What is q(77)?
-9
Let j(m) = m**3 - 7*m**2 - m + 3. Give j(7).
-4
Let b(u) = 9*u - 30. Calculate b(4).
6
Let b(x) = -x**3 + 20*x**2 + 41*x + 18. What is b(22)?
-48
Let o(k) = 4*k**3 - k**2 + k - 1. Calculate o(1).
3
Let h(q) = 3*q + 5. Calculate h(9).
32
Let j(h) = -2*h**2 + 5*h + 8. What is j(6)?
-34
Let x(n) = n**3 + 11*n**2 - 17. Determine x(-11).
-17
Let t(b) = b**3 - 6*b + 4. Give t(-4).
-36
Let r(c) = c**3 - 3*c**2 - 2. Give r(4).
14
Let l(i) = -25*i - 161. Calculate l(-6).
-11
Let m(p) = p**2 - 12*p + 6. Give m(5).
-29
Let b(d) = -4*d + 52. Calculate b(15).
-8
Let q(p) = 17*p + 278. Determine q(-15).
23
Let g(p) = -31*p - 199. Calculate g(-6).
-13
Let q(x) = -x**3 + 53*x**2 + 167*x + 64. What is q(56)?
8
Let w(g) = -g**2 - 14*g - 27. Determine w(-7).
22
Let d(r) = -r**3 - 16*r**2 - 18*r - 15. Give d(-15).
30
Let y(o) = -8*o - 70. What is y(-5)?
-30
Let z(j) = -13*j**3 + j**2. Determine z(-1).
14
Let f(b) = b**2 + 21*b - 59. Give f(-24).
13
Let t(g) = g**2 - 3*g - 3. Give t(4).
1
Let y(d) = -d**3 + 9*d**2 + d - 10. Give y(9).
-1
Let f(n) = 7*n - 26. Calculate f(7).
23
Let i(p) = -p**3 - 8*p**2 - p - 17. What is i(-8)?
-9
Let t(b) = -187*b + 2051. Determine t(11).
-6
Let l(t) = -13*t - 9. Determine l(-5).
56
Let j(p) = 4*p**2 - 24*p - 102. Give j(-3).
6
Let i(q) = -q**3 - 3*q**2 + 3*q - 2. Calculate i(-4).
2
Let f(z) = -6*z - 23. Calculate f(-4).
1
Let u(x) = 15*x - 4. What is u(-1)?
-19
Let g(d) = -10*d**2 - 3*d + 4. Determine g(2).
-42
Let r(q) = -q**2 - 33*q - 1. What is r(-32)?
31
Let w(v) = 2*v**3 + 9*v**2 - 16. Calculate w(-4).
0
Let h(d) = -d**3 - 26*d**2 + d + 31. Give h(-26).
5
Let a(m) = -287*m + 1429. What is a(5)?
-6
Let p(m) = m**2 - 17*m + 15. Determine p(18).
33
Let p(m) = m**2 + 8*m + 11. Determine p(-5).
-4
Let h(b) = 2*b**3 - 12*b**2 + 6*b - 3. Calculate h(5).
-23
Let w(g) = 5*g**3 - 2*g**2 + 2. Determine w(2).
34
Let i(l) = 2*l**2 + 73*l - 120. What is i(-38)?
-6
Let c(t) = -t**3 + 9*t**2 - 6*t - 9. Calculate c(8).
7
Let l(c) = c - 2. Determine l(-9).
-11
Let o(w) = -w**2 + 6*w - 7. Calculate o(5).
-2
Let d(j) = -j - 13. Determine d(-17).
4
Let z(o) = -4*o + 9. Calculate z(7).
-19
Let n(s) = -s**3 + 6*s**2 + 6*s + 14. What is n(7)?
7
Let r(k) = k**3 + 7*k**2 + 7*k + 14. Calculate r(-6).
8
Let y(s) = -2*s**2 + 1. Determine y(2).
-7
Let g(n) = -46*n**2 - 2*n + 1. What is g(1)?
-47
Let y(n) = 5*n + 14. Calculate y(-2).
4
Let w(z) = -z**3 - 15*z**2 - 27*z - 18. Determine w(-13).
-5
Let k(g) = 10*g - 102. Calculate k(7).
-32
Let b(l) = -l**2 - 10*l - 21. Determine b(-8).
-5
Let d(b) = b**2 - 6*b - 6. What is d(5)?
-11
Let z(n) = -20*n**2 - 2*n + 1. Determine z(1).
-21
Let v(o) = o**3 - o - 15. Calculate v(0).
-15
Let u(o) = o**2 - 16*o - 11. What is u(14)?
-39
Let x(c) = c**3 + 10*c**2 + 6*c + 11.